 when 3162455 is divided by 198?
197
Calculate the remainder when 25922880 is divided by 9823.
9806
Calculate the remainder when 18718697 is divided by 650.
647
Calculate the remainder when 5424569 is divided by 2711286.
1997
Calculate the remainder when 48276250 is divided by 6198.
28
Calculate the remainder when 18143915 is divided by 138.
89
What is the remainder when 92686533 is divided by 22?
5
What is the remainder when 397630 is divided by 10540?
7650
Calculate the remainder when 1277941 is divided by 19967.
53
What is the remainder when 163105846 is divided by 11?
2
Calculate the remainder when 256489293 is divided by 99.
93
What is the remainder when 2136083 is divided by 194171?
202
What is the remainder when 313982 is divided by 156882?
218
Calculate the remainder when 7217727 is divided by 2734.
2701
Calculate the remainder when 357717 is divided by 19.
4
What is the remainder when 183890 is divided by 36752?
130
What is the remainder when 6162121 is divided by 87?
85
Calculate the remainder when 49616503 is divided by 994.
993
What is the remainder when 5186041 is divided by 117?
16
Calculate the remainder when 188198464 is divided by 102.
100
What is the remainder when 1424881 is divided by 100?
81
Calculate the remainder when 15209065 is divided by 1689896.
1
Calculate the remainder when 28581 is divided by 699.
621
Calculate the remainder when 447021 is divided by 1227.
393
What is the remainder when 2119905 is divided by 19812?
21
Calculate the remainder when 413234 is divided by 1580.
854
Calculate the remainder when 764060 is divided by 85.
80
What is the remainder when 1924219 is divided by 962105?
9
Calculate the remainder when 2778750 is divided by 1030.
840
Calculate the remainder when 487597 is divided by 291.
172
What is the remainder when 14690141 is divided by 549?
548
What is the remainder when 58664 is divided by 1943?
374
What is the remainder when 64820 is divided by 3741?
1223
Calculate the remainder when 6288804 is divided by 330989.
13
Calculate the remainder when 63398 is divided by 221.
192
What is the remainder when 972173 is divided by 273?
20
Calculate the remainder when 589950 is divided by 935.
900
What is the remainder when 2021274 is divided by 673748?
30
What is the remainder when 4182843 is divided by 2091415?
13
What is the remainder when 101266 is divided by 50254?
758
What is the remainder when 245603 is divided by 192?
35
What is the remainder when 738736 is divided by 184416?
1072
What is the remainder when 66424 is divided by 1278?
1246
Calculate the remainder when 455420 is divided by 3960.
20
Calculate the remainder when 16796 is divided by 10147.
6649
What is the remainder when 2720 is divided by 1824?
896
What is the remainder when 133283044 is divided by 11323?
11
What is the remainder when 761403 is divided by 984?
771
What is the remainder when 57277 is divided by 57265?
12
What is the remainder when 16611416 is divided by 105?
101
What is the remainder when 6805350 is divided by 73?
71
What is the remainder when 82199 is divided by 798?
5
Calculate the remainder when 8270563 is divided by 2756788.
199
What is the remainder when 279051 is divided by 16993?
7163
What is the remainder when 16786693 is divided by 48?
37
What is the remainder when 199869 is divided by 49794?
693
Calculate the remainder when 682376 is divided by 6437.
54
Calculate the remainder when 4028235 is divided by 52.
3
Calculate the remainder when 3898630 is divided by 56.
22
Calculate the remainder when 306632 is divided by 76572.
344
What is the remainder when 294068 is divided by 826?
12
What is the remainder when 1165889 is divided by 314?
7
Calculate the remainder when 27850475 is divided by 1126.
1117
What is the remainder when 493158 is divided by 2953?
7
What is the remainder when 325338 is divided by 1985?
1783
What is the remainder when 617941732 is divided by 27?
22
What is the remainder when 4245148 is divided by 35?
33
What is the remainder when 24505984 is divided by 1321?
113
What is the remainder when 18889771 is divided by 53817?
4
Calculate the remainder when 243208 is divided by 243183.
25
What is the remainder when 1481750 is divided by 1017?
998
What is the remainder when 7437975 is divided by 87?
84
What is the remainder when 58762 is divided by 18791?
2389
Calculate the remainder when 199381022 is divided by 28.
22
Calculate the remainder when 21069890 is divided by 1620759.
23
Calculate the remainder when 667689 is divided by 502.
29
What is the remainder when 1061688724 is divided by 63?
61
What is the remainder when 32363946 is divided by 65?
56
Calculate the remainder when 3572439 is divided by 545.
509
Calculate the remainder when 19168724 is divided by 318.
2
Calculate the remainder when 720796 is divided by 65517.
109
What is the remainder when 2263653 is divided by 4255?
4248
Calculate the remainder when 5358 is divided by 37.
30
Calculate the remainder when 19290779 is divided by 861.
74
What is the remainder when 26256249 is divided by 26256192?
57
What is the remainder when 377160 is divided by 1793?
630
What is the remainder when 1209516 is divided by 402941?
693
What is the remainder when 6384750 is divided by 77?
64
Calculate the remainder when 284038299 is divided by 175.
174
What is the remainder when 31717 is divided by 6679?
5001
Calculate the remainder when 980063 is divided by 301.
7
Calculate the remainder when 3897899 is divided by 549.
548
Calculate the remainder when 512251 is divided by 3393.
3301
What is the remainder when 4465391 is divided by 279?
275
What is the remainder when 308058 is divided by 76987?
110
What is the remainder when 3256249 is divided by 296017?
62
Calculate the remainder when 673442 is divided by 535.
412
Calculate the remainder when 1490213 is divided by 7532.
6409
Calculate the remainder when 2766953 is divided by 212842.
7
Calculate the remainder when 1806575 is divided by 903221.
133
What is the remainder when 4044983 is divided by 16646?
5
What is the remainder when 659615 is divided by 132?
11
Calculate the remainder when 15648598 is divided by 1320.
1318
Calculate the remainder when 17123073 is divided by 41.
38
What is the remainder when 986746 is divided by 98671?
36
What is the remainder when 1909528 is divided by 13?
10
Calculate the remainder when 569353 is divided by 43.
33
What is the remainder when 460270 is divided by 7079?
135
Calculate the remainder when 4502506 is divided by 377.
372
What is the remainder when 906799 is divided by 1561?
1419
Calculate the remainder when 696171 is divided by 29.
26
Calculate the remainder when 1384383 is divided by 1145.
78
What is the remainder when 6319360 is divided by 3159679?
2
Calculate the remainder when 15587811 is divided by 266.
211
Calculate the remainder when 4754349 is divided by 29166.
291
Calculate the remainder when 58553982 is divided by 257947.
13
Calculate the remainder when 1795359 is divided by 987.
6
What is the remainder when 93647120 is divided by 171?
167
Calculate the remainder when 146339 is divided by 7241.
1519
What is the remainder when 625136 is divided by 39068?
48
Calculate the remainder when 836557 is divided by 10723.
163
What is the remainder when 63913720 is divided by 6?
4
What is the remainder when 20322108 is divided by 337?
334
Calculate the remainder when 4679381 is divided by 79.
53
Calculate the remainder when 113520 is divided by 6331.
5893
What is the remainder when 4362373 is divided by 727048?
85
What is the remainder when 54482930 is divided by 1148?
1146
Calculate the remainder when 196720783 is divided by 135.
133
What is the remainder when 493976 is divided by 414?
74
Calculate the remainder when 1018906 is divided by 10506.
10330
Calculate the remainder when 118765 is divided by 397.
62
Calculate the remainder when 8426709 is divided by 100.
9
Calculate the remainder when 2555785 is divided by 19073.
3
What is the remainder when 184698 is divided by 475?
398
What is the remainder when 87352 is divided by 4206?
3232
What is the remainder when 71580 is divided by 1375?
80
Calculate the remainder when 30589724 is divided by 634.
492
What is the remainder when 65292116 is divided by 26?
6
What is the remainder when 148797173 is divided by 276